- 3. Let z be k(2). Let l(w) = 30*w - 6. Let d be l(2). Let t = d + z. What is the highest common divisor of t and 22?
11
Suppose -5*d = 3*k - 15 - 18, -4*d + 5*k + 19 = 0. Calculate the greatest common factor of 54 and d.
6
Suppose -37*a + 560 = -33*a. What is the greatest common factor of a and 56?
28
Let t(p) = -11*p + 1. Let k be t(-1). Calculate the greatest common divisor of 18 and k.
6
Let m be 4/(-6) + (584/6)/2. Calculate the greatest common divisor of m and 16.
16
Let i = 2 + 1. Let p be 6/(-4)*(-66)/i. Calculate the highest common divisor of p and 22.
11
Suppose 2*p + p - 57 = 0. Suppose 3*t - 5*t = 12. Let g = t + p. Calculate the greatest common factor of g and 104.
13
Suppose 64 = -2*v + 3*v. Let k = 15 - 7. Calculate the greatest common factor of v and k.
8
Suppose -3*v = v - 324. Let t = 7 + 2. Calculate the highest common divisor of t and v.
9
Let m = -5 - -20. Suppose -m*j = -20*j + 400. Calculate the highest common factor of j and 32.
16
Let a = -30 + 64. Suppose -2*r = 2*d - 30, -r - r = 4*d - a. Calculate the greatest common divisor of r and 91.
13
Let z be ((-68)/16)/(2/(-40)). Suppose 47 = -0*c + 3*c + m, -m - 38 = -2*c. Calculate the greatest common divisor of z and c.
17
Let z(b) = 4 + 5*b - 6 + b**2 + 4. Let k be z(-5). Let d = k - -4. Calculate the highest common divisor of 48 and d.
6
Let m = 250 + -174. Calculate the highest common divisor of 19 and m.
19
Let n be 0 + (-1 - 2)*-37. Suppose -2*q + 0*q = i - 58, -2*i = 3*q - n. Calculate the greatest common factor of 32 and i.
16
Let t = -16 + 31. Calculate the highest common divisor of t and 10.
5
Suppose -c + 5*c = -4*d + 300, -d = -5. What is the highest common factor of 30 and c?
10
Suppose 0*m = 5*m - 2*q - 15, 2*m - 4*q = 6. Suppose -4*b - 3*w + 27 = -m*b, 3*w = b - 9. Calculate the greatest common factor of b and 18.
18
Let b be (-5 + 10)/(2/56). Let s be ((-10)/7)/((-4)/b). What is the greatest common factor of s and 20?
10
Let l(n) = 8*n**2 + n + 1. Suppose 5*c - 4*t + 5*t + 18 = 0, 4*t = 4*c. Let q be l(c). Suppose 14 = 3*v - 2*v. Calculate the highest common factor of v and q.
14
Let b(v) = -3*v - 8. Let c be b(-6). Let s be (c/6)/((-4)/(-48)). Calculate the highest common factor of s and 5.
5
Let t(u) = -1 + u**2 + 4*u**2 + u**2. Let j be t(-1). Suppose j*l - 251 - 19 = 0. Calculate the highest common factor of 6 and l.
6
Suppose 2*f + 28 = 4*f. Let k be 304/f + 8/28. Suppose 16 = -2*m + 5*j, 5*j = 4*m - 0*m + 12. What is the highest common factor of m and k?
2
Let f = -12 + 22. Calculate the highest common factor of f and 40.
10
Let z(t) = -14*t + 3. Let p be z(-4). Let y = 41 - p. Let r be (y + 0)/(9/(-6)). Calculate the greatest common divisor of 12 and r.
12
Let r(q) = 3*q - 3. Let d be 2/4 - (-77)/14. Let o be d/(4 - 2)*1. Let l be r(o). What is the highest common factor of l and 4?
2
Let o = 4 + 41. Calculate the greatest common divisor of o and 60.
15
Let n be -6*(-2 + 3/3). Let k(a) = a. Let g be k(n). Calculate the greatest common factor of 54 and g.
6
Let q(x) = -x**2 - 5*x + 4. Let i be q(-5). Let f(y) = -5*y + i*y - 14*y. Let u be f(-2). What is the greatest common factor of 20 and u?
10
Let l be 3 + 9/(0 + -1). Let i be l/(-14) + (-445)/(-7). Calculate the highest common divisor of 16 and i.
16
Suppose -3*s - 7 = 2*g, -2*s = 10 - 0. Suppose 2*t - 3*t = g. Let k(y) = -y + 5. Let f be k(t). Calculate the highest common divisor of f and 18.
9
Let z = 8 - -3. Calculate the highest common divisor of 88 and z.
11
Suppose -3*t + 3*b = -4*t + 36, 2*t + 4*b - 68 = 0. Let k be ((-4)/(-6))/(2/t). Let z be (5/(-3))/(2/(-36)). Calculate the greatest common divisor of k and z.
10
Suppose 0 = 5*g + 25, -4*t + 6*t = -4*g + 44. What is the highest common divisor of 2 and t?
2
Suppose -5*z + 5*u = -75, -5*u - 4 = -z + 7. Suppose -k + 1 - 2 = d, k = d - 9. What is the greatest common factor of z and d?
4
Suppose 286 = -11*g + 24*g. What is the highest common divisor of g and 154?
22
Suppose 0 = 24*b - 19*b - 70. Let u(g) = 3*g - 6. Let l be u(b). What is the greatest common divisor of 4 and l?
4
Let k = -27 + 33. Calculate the highest common factor of 96 and k.
6
Suppose -6*b + 3*b + 72 = 0. What is the greatest common divisor of 192 and b?
24
Let n(k) = 3*k - 19. Let c be n(13). Calculate the highest common divisor of c and 8.
4
Suppose -4*r = -r + 18. Let d(u) = -7*u + 3*u**2 - 4*u**2 - u - 114 + 116. Let w be d(r). What is the greatest common factor of 14 and w?
14
Let f = 120 + -79. Let s = -29 + f. Calculate the highest common factor of s and 6.
6
Suppose 2*y + 0*y = 0. Suppose -g = -y*g - 2. Suppose -7*c = -g*c - 550. Calculate the greatest common divisor of 10 and c.
10
Let z(k) = -4*k - 5. Let u be z(-5). Let v(s) = -s**3 + 5*s**2 - 1. Let f be v(4). Calculate the greatest common factor of f and u.
15
Let h be (18 - 2)*(-5)/(-10). Calculate the highest common divisor of h and 64.
8
Suppose 3*g - 157 + 63 = -h, -3*h + 262 = -g. What is the highest common divisor of h and 11?
11
Suppose 4*g = 260 - 0. Suppose -g + 5 = -5*c. What is the greatest common factor of c and 120?
12
Let t be 8*5/10 - -239. Calculate the greatest common factor of t and 27.
27
Let b(q) = -q**2 - 5 - 1 - 4 - 9*q. Let s be b(-7). Suppose s*r - 3*r - 5*z = 6, -z = 0. What is the greatest common divisor of 9 and r?
3
Let f be 6/(-15) - (-186)/(-10). Let i = f - -27. Suppose i = x + x. What is the greatest common divisor of x and 4?
4
Suppose t - 12 = -4*b, -5*t - 1 = -3*b + 8. Let k = -43 - -76. Calculate the greatest common divisor of k and b.
3
Suppose -5*n - 5*r = -0*r + 5, 2*r = -6. Suppose 0*v + n*v - 22 = 0. Calculate the highest common factor of v and 11.
11
Suppose -2*i - 3*g + 15 = 0, 5*i - 5 = -4*g + 3*g. Suppose -n - 4*n = i. Let b be 8*(n + (-3)/(-6)). Calculate the greatest common factor of 2 and b.
2
Let v = 21 - 14. What is the greatest common factor of 1 and v?
1
Let c(b) = -b**2 + 8*b - 3. Let s be c(5). Suppose 0 = 4*u - 8. Suppose 2*h + u*h = 3*j + 204, -2*j = 8. What is the highest common factor of s and h?
12
Suppose 4*p - 58 = 38. What is the highest common factor of 264 and p?
24
Let t be (27/4)/(42/112). What is the greatest common divisor of t and 126?
18
Suppose -2*d = 1 - 13. Calculate the greatest common factor of d and 6.
6
Let j(l) = l**3 + 13*l**2 + 3*l + 2. Let v be j(-5). Suppose -3*q - 102 = -q. Let n be -1*4/12*q. Calculate the greatest common divisor of n and v.
17
Suppose -107 = -5*v - 7. Let f(n) = -n**3 - 3*n**2 + n - 2. Suppose 13 - 1 = -3*l. Let j be f(l). Calculate the highest common factor of v and j.
10
Let h(t) = -2*t - 1. Let f(n) = n + 1. Let d(r) = -5*f(r) - 4*h(r). Let j be d(5). Calculate the greatest common divisor of j and 70.
14
Let k = -16 - -8. Let s = 46 - 10. Let a be (-34)/(-9) - k/s. Calculate the greatest common factor of a and 6.
2
Let k be 15 + (7 - 4) + -4. What is the highest common factor of 14 and k?
14
Let o be (-20)/110 - 1324/(-22). Suppose -8*i - o = -12*i. Calculate the greatest common divisor of 135 and i.
15
Let d(v) = -v + 3. Let b be d(-3). Suppose s + s - b = 0. What is the highest common divisor of 2 and s?
1
Suppose -446 = -11*t + 280. Let m(c) = c**3 + c**2 + c + 4. Let g be m(-3). Let a = -11 - g. What is the highest common factor of t and a?
6
Let m be ((-60)/(-14))/((-2)/(-14)). Let k = 8 + 0. Suppose -3*l + 6 = 5*f - 7, -l + 2*f = -k. What is the highest common divisor of m and l?
6
Let v = -1 - -2. Let r be ((-12)/(-3))/(1/v). Suppose -x - 35 = -5*p - 4*x, 5*x - 28 = -r*p. What is the greatest common factor of p and 56?
7
Let l be 0 - ((1 - 3) + 0). Suppose -5*k = -5*y - 160, -4*k + 87 + 43 = -l*y. Calculate the highest common factor of k and 22.
11
Let b(c) = -c**3 + 9*c**2 + c - 3. Let x be b(9). Calculate the greatest common divisor of x and 54.
6
Let n(u) = u**2 - 3*u - 2. Let r be n(-2). Let y(d) = -d + 4. Let l = 11 - 15. Let k be y(l). What is the highest common factor of r and k?
8
Suppose 6*d - 142 = 8. Calculate the highest common divisor of 175 and d.
25
Let a(g) = -g**2 + 6*g + 8. Let j be a(6). Let o = -66 + 74. Calculate the greatest common factor of o and j.
8
Suppose 14 = 3*a - 46. What is the greatest common factor of 30 and a?
10
Let j = 17 - 14. Suppose -3*t = -j*m - 435, -5*t + 